3*d - 18. Calculate the remainder when 40 is divided by c(k).
19
Suppose -48 = -4*f - 0. What is the remainder when 45 is divided by f?
9
Suppose 0 = 5*x - 223 - 207. Calculate the remainder when x is divided by 22.
20
Suppose -205 = -2*r - 77. What is the remainder when r is divided by 13?
12
Calculate the remainder when 8/4 + 53/1 is divided by 14.
13
Let b = 0 - -5. Suppose -3 = -w + b*k + 3, 0 = -k. What is the remainder when 1 + (15 - (0 + 0)) is divided by w?
4
Let i(r) = -r - 2. Let k be i(-2). Let l = -1 - -5. Suppose 3*d + k*g - 52 = -l*g, 3*d - 5*g = 97. What is the remainder when d is divided by 13?
11
Suppose 30*t + 18 - 138 = 0. Suppose -l - 2 + 1 = 5*b, 4*l = 5*b + 71. What is the remainder when l is divided by t?
2
Suppose -11 + 29 = 3*y. What is the remainder when 17 is divided by y?
5
Suppose -3 = -5*n + 252. Calculate the remainder when 252 is divided by n.
48
Let j(p) = p**2 + 7*p + 3. What is the remainder when j(-7) is divided by 3?
0
Let f(j) = -j + 2. Let z = -9 + 10. What is the remainder when ((-15)/2 + z)*-2 is divided by f(-3)?
3
Suppose -6*x - 64 + 1228 = 0. Calculate the remainder when x is divided by 13.
12
Let l be (-305)/(-3) + (-2)/3. Suppose -34 = -3*b + 2*j + 17, -5*b = 2*j - l. Calculate the remainder when b is divided by 10.
9
Suppose -10*k + 6*k + 332 = 0. What is the remainder when k is divided by 15?
8
Let v(s) = -2*s**3 + 2*s**2 + s - 2. Let f be v(-2). Suppose r = 0, -5*o + f = -r - 40. What is the remainder when 35 is divided by o?
11
Suppose 0 = -2*c + 2, -2*c - 16 = -h + 2*c. Calculate the remainder when 77 is divided by h.
17
Let k = -104 + 147. Let p = 28 + -17. Calculate the remainder when k is divided by p.
10
Suppose -4*s = -s + 18. Let m = s + 48. Calculate the remainder when m is divided by 15.
12
Let t be 2/(-7) - (-20242)/(-7). Let q be (-2)/7 - t/(-21). Calculate the remainder when (q/4)/(3/(-4)) is divided by 16.
14
Suppose 4*a = 3*q - 16, 3*a = -3*q - a + 8. Suppose -q*t = -46 - 30. Let i = -13 + 50. Calculate the remainder when i is divided by t.
18
Suppose 3*v + 2 = -p, -2*p + 0*p - 3*v = 16. Let h = 2 - p. Suppose 4*x + 16 = 136. What is the remainder when x is divided by h?
14
Let q = 84 - 23. What is the remainder when q is divided by 16?
13
Let b be (-257)/(-2) - (-7)/14. Suppose 0 = -4*d + d + b. Calculate the remainder when d is divided by 11.
10
What is the remainder when (-1 - -2)/(1/14) is divided by 8?
6
Suppose -3*p = -0*p + 12. Let s be (1 - p/(-2))*-3. Suppose 25 = -5*b, -3*h + 2*b = -s*b - 37. Calculate the remainder when 7 is divided by h.
3
Let g(s) = -s - 4. Let z(v) = v**2 - 6*v - 2. Let p be z(5). Calculate the remainder when 7 is divided by g(p).
1
Suppose -2 + 4 = -2*w. Let p(u) = 3*u**2 - 2*u - 1. Calculate the remainder when -1 + 7 + (3 - -1) is divided by p(w).
2
Suppose -4*u = 3*a - 76, -4*u + 2*u = -2*a + 32. Calculate the remainder when 58 is divided by a.
18
Suppose 0*j - 5*j + 190 = 0. Suppose 0*t - t = -j. What is the remainder when t is divided by 10?
8
Suppose 0*s + 138 = 2*s + 2*d, -2*d = -s + 72. Suppose 4*m + 5*b = -s + 273, 223 = 5*m - 4*b. What is the remainder when m is divided by 12?
11
Let u(s) = -4 - 3*s**2 + 9 + 2*s**2. Let v be u(0). Calculate the remainder when 10 is divided by ((-8)/10)/((-1)/v).
2
Suppose -5*r + 34 = 5*s - 16, -4*r = -4. What is the remainder when 24 is divided by s?
6
Suppose 4*n = -39 + 83. What is the remainder when (-1)/(-4) + (-246)/(-8) is divided by n?
9
Let s(b) be the first derivative of b**4/6 - b**2 - 2*b + 2. Let h(y) be the first derivative of s(y). Calculate the remainder when 47 is divided by h(-3).
15
Let p(s) = 3*s + 3. Suppose 0 = v - 33 - 13. Suppose -10*l + 12*l = v. Calculate the remainder when l is divided by p(3).
11
Suppose -10*p = -293 + 23. What is the remainder when p is divided by 12?
3
Let n(k) = -7*k - 10. Let b be n(11). Let l = b + 126. What is the remainder when l is divided by 20?
19
Calculate the remainder when 16 is divided by 24/(-9)*9/(-4).
4
Let i(f) = -f**2 + f + 20. What is the remainder when 58 is divided by i(0)?
18
Suppose 9*b - 10 - 17 = 0. What is the remainder when 16 is divided by b?
1
Suppose -17*g + 22*g = 55. What is the remainder when g is divided by 3?
2
Suppose p + 1 = -w, -27 = 4*p - w + 2. Let g = p + 7. Calculate the remainder when 20 is divided by g*(-27)/(-3) - 2.
6
Suppose 0 = 2*h + 9 - 73. Let p = 6 + -6. Suppose -j + 19 - 2 = p. Calculate the remainder when h is divided by j.
15
Let i(r) = r**3 + 6*r**2 + r - 2. Let z = -48 - -87. Suppose 1 = 4*h - z. What is the remainder when i(-5) is divided by h?
8
Let v(w) = -2*w - 5 + 0 + 6*w - 25*w. Suppose -z = -5*o - 14 - 13, 5*z + 5*o - 135 = 0. Calculate the remainder when v(-4) is divided by z.
25
Let t(x) = x + 70. Let n be t(0). Let p = n - 49. Calculate the remainder when p is divided by 6.
3
Calculate the remainder when 44 is divided by 1075/125 - 4/(-10).
8
Let y be -2 - -3*(4 - 2). Suppose -f + 4*o + 9 = -7, f = -4*o - 24. What is the remainder when (f/6)/(y/(-228)) is divided by 13?
12
Suppose -18 = -5*p - 3. Suppose 4*x + 8 = 2*x, -x = -p*k + 22. What is the remainder when 10 is divided by k?
4
Let p = 109 - 102. Calculate the remainder when 24 is divided by p.
3
Let l(w) = w**3 - 6*w**2 - 6*w. Suppose 0 = 3*y + 3. Let c be (-1)/(y/6) + 1. Calculate the remainder when l(c) is divided by 4.
3
Suppose 5*f - 16 = q, -2*q + f = -f. What is the remainder when 45/(-5)*2/(-3) is divided by q?
2
Suppose -3 = n + 6. Calculate the remainder when 42 is divided by (0 - -2)*n/(-2).
6
Let q = -8 + 16. Calculate the remainder when 31 is divided by q.
7
Let o(t) = t**2 + 2*t + 3. Let r be o(-2). Suppose 0 = r*j - 5*l - 51, 4*j + 5*l - 42 = 3*l. What is the remainder when j is divided by 4?
0
Calculate the remainder when -2*(-2)/12*(93 - 57) is divided by 1*8 - (1 - 0).
5
Let c(x) = -x**3 + 16*x**2 - 13*x - 20. Let y(k) = -k**3 + 13*k**2 + 15*k + 1. Let i be y(14). Calculate the remainder when 48 is divided by c(i).
8
What is the remainder when 66 is divided by 696/20 + (-2)/(-10)?
31
Suppose -2*z + 0*z + 5*m + 25 = 0, 3*m = -3*z + 48. Calculate the remainder when z is divided by 9.
6
Let i(q) = -q + 1. Calculate the remainder when 11 is divided by i(-2).
2
Let t(n) = 8*n**2 - 14*n - n**3 + 3 + 5*n + 4*n**3 - 4*n**3. Calculate the remainder when t(6) is divided by 12.
9
Suppose 8 = -r + 2*r - 4*j, 0 = 3*j - 6. What is the remainder when 912/30 - 4/10 is divided by r?
14
Let g = 57 - 18. Calculate the remainder when g is divided by 14.
11
Let k = -35 - -78. Let w(i) = -i**3 - 3*i**2 + 6*i - 5. Let h be 19/(-4) + (-2)/8. Calculate the remainder when k is divided by w(h).
13
Suppose -5*h - 15 = -55. What is the remainder when 13 is divided by h?
5
Let t(g) = g - 7. What is the remainder when 29 is divided by t(24)?
12
Suppose -5*t + 4*b + 0*b = -621, 0 = -3*t + b + 374. What is the remainder when t is divided by 42?
41
Let w(t) = t**3 - 5*t**2 - 4*t - 5. Calculate the remainder when w(6) is divided by 3.
1
Calculate the remainder when -5*1/((-5)/33) is divided by 18.
15
Suppose -f + 0*f - 43 = -4*a, -a + 7 = -f. What is the remainder when 58 is divided by a?
10
Suppose 0 = 28*t - 30*t + 138. What is the remainder when t is divided by 24?
21
Let u = 11 - -22. Calculate the remainder when 130 is divided by u.
31
Let t = -8 - -9. Suppose -2*y - 4*b - 4 = 0, -y + 14 = -b - b. Calculate the remainder when y is divided by (8 - 2) + (-2)/t.
2
Let o = 17 + -13. What is the remainder when o/6*183/2 is divided by 32?
29
Let v(c) = c**3 + c**2 - c - 2. Suppose -3 = 4*h + 13, 0 = -j + h + 31. Suppose 0*d + 30 = g + d, -4*d + j = g. What is the remainder when g is divided by v(2)?
7
Suppose -222 = -5*x - 52. Calculate the remainder when x is divided by (11 - 9)/((-2)/(-18)).
16
Suppose -16*q = -14*q - 72. Calculate the remainder when q is divided by 21.
15
Let t be (-1)/4 + (-5)/(-20). Suppose -5*j + 4*j + 11 = t. Let r(i) = 15*i. What is the remainder when r(2) is divided by j?
8
Let k(f) = f**2 + 2*f - 1. Let g be k(-3). Suppose 0*a = -4*a + g*i + 134, 4*i = -a + 47. Suppose -24 = j - 3*j. What is the remainder when a is divided by j?
11
Let w(n) = 2*n**3 + 14*n**2 + 2*n + 36. Calculate the remainder when w(-7) is divided by 15.
7
Let 